 30?
29
Suppose -129*x - 600 = -154*x. What is the remainder when 334 is divided by x?
22
Let u(g) = g**2 + 6*g + 11. Suppose 0 = 2*f + w + 16, 3*w + 15 = -3*f - 12. Calculate the remainder when u(f) is divided by 14.
4
Suppose -4*o = -4*g + 52, 60*o - 57*o - 105 = -5*g. What is the remainder when 33 is divided by g?
15
Let y(x) = x - 15. Let t be y(8). Let q = t + 5. What is the remainder when 36 is divided by 1*q - 105/(-5)?
17
Suppose 16*r = 27*r - 341. Calculate the remainder when 59 is divided by r.
28
Let z = 169 - 161. Calculate the remainder when 54 is divided by z.
6
Let f be (-2)/(3 - 1) + 1. Let a be 312/6*(-5 + 2 - -5). Suppose -5*u + a + 81 = f. What is the remainder when u is divided by 8?
5
Let r(s) = s**2 + 5*s - 32. Let t = 1 - 19. Calculate the remainder when 304/6 + (-6)/t is divided by r(-10).
15
Suppose -y + 0*y + 17 = 0. Let z = 24 - 19. Suppose 0 = -0*b - b + z. Calculate the remainder when y is divided by b.
2
Suppose -5*v = -3*y - 96, -5*v + 84 = 3*y - 0. Let m be 3/(-3 + v/4). What is the remainder when m + 3 + -3 - -12 is divided by 8?
6
What is the remainder when (-55)/(-55) + (0 - -203) is divided by 53?
45
Let i be 13/(-65) - 1*(-52)/10. Suppose 2*x + t - 207 = -27, i*x = -3*t + 451. Calculate the remainder when x is divided by 47.
42
Suppose -y + 22 = 70. What is the remainder when 66 is divided by ((-34)/8)/(12/y)?
15
Let m(b) = 7*b - 36. Calculate the remainder when 997 is divided by m(7).
9
Suppose 4*f + 3*h = 207, -5*h + 2 = -23. Let q = f - -70. Calculate the remainder when q is divided by 17.
16
Let z = 73 - 52. Let s = -33 + 48. Suppose o = 2*y - 135 + s, -4*o - 180 = -3*y. Calculate the remainder when y is divided by z.
18
Let w = -6731 + 6740. Calculate the remainder when w is divided by (-9)/12*(1 + -9).
3
Suppose r - 15 = 349. What is the remainder when r is divided by 76?
60
Let p = 69 - 58. What is the remainder when 47 is divided by (-4)/(-22) - (-130)/p?
11
Let o = -4 + 4. Suppose -u - 3 = o, 3*h + u - 5*u = 123. Calculate the remainder when h is divided by 10.
7
Suppose -29*h = -714 - 127. Calculate the remainder when 136 is divided by h.
20
Suppose -32 = -2*b + 134. What is the remainder when b is divided by 15?
8
Let y be (-1)/4 - 19/4. Suppose 16 = 4*m, 6*d - 92 = 4*d - 4*m. Let a = d + y. Calculate the remainder when a is divided by 9.
6
Suppose 0 = -3*m + p - 157, -2*m + 4*p + 37 = 145. Let t = m - -76. Calculate the remainder when 86 is divided by t.
14
Let y be 3048/(-21) - (-6)/42. Let r = y + 156. Suppose -3*m + 20 = -37. Calculate the remainder when m is divided by r.
8
What is the remainder when ((-744)/1240)/(1*(-2)/320) is divided by 10?
6
Suppose f - 25 + 4 = 0. Let i = 11 - 13. What is the remainder when (-21432)/(-264) - i/(-11) is divided by f?
18
Let v(g) = -g + 55. What is the remainder when 0*(2 + -1) + 65 is divided by v(38)?
14
Let y(i) = 17*i**3 - i**2. Let v be y(2). Calculate the remainder when 10 is divided by v/21 - 6/21.
4
Let q(t) = 4*t**2 - 82*t + 45. Suppose 0 = -u + 3*w + 7, 0*u - 3*u + 11 = -4*w. Calculate the remainder when u/1 - (1 - 24) is divided by q(20).
4
Let i(c) = c**3 - 18*c**2 - 8*c - 17. Let o be 944/48 + 2/(-3). Calculate the remainder when i(o) is divided by 49.
45
Suppose 5*g = 13 + 122. Suppose 51 = 6*u + 267. Let h = u + 46. Calculate the remainder when g is divided by h.
7
Suppose -2*w + 84 = 4*w. Calculate the remainder when 6 is divided by (w/(-3) + 5)/(1/9).
0
Let u(v) = v**3 - 2*v + 2. Suppose -4*y = -2*c - 54, -4*c + 24 = 6*y - 2*y. Suppose y = 4*d + 3. Calculate the remainder when 10 is divided by u(d).
4
Let r = 877 - 838. What is the remainder when 63 is divided by r?
24
Suppose 4*a + 206 = -5*h, -6*h - 214 = -h - 4*a. Let j = h - -71. Suppose 0 = u - 5*i - 16, -5*u + 80 = 6*i - i. Calculate the remainder when j is divided by u.
13
What is the remainder when 1 - ((-3992)/18 - (-8)/(-36)) is divided by 25?
23
Suppose 2*x = 45 + 95. Let h = 142 - x. Suppose -c = -4*v + 75, 2*v + 2*v - h = 4*c. Calculate the remainder when 35 is divided by v.
16
Let c(g) = -15*g + 6. Let b be c(-10). Suppose -5*n = -n - b. Let z = -22 + n. Calculate the remainder when 32 is divided by z.
15
Suppose 54*c - 3690 = 9*c. What is the remainder when c is divided by 7?
5
Let f = -427 - -549. Calculate the remainder when f is divided by 41.
40
Suppose -4*w + 4391 = -5*j, 9*w = 8*w - 4*j + 1124. Calculate the remainder when w is divided by 7.
5
Let k(o) = 2*o**2 - 38*o + 19*o + 8 + 26*o. Suppose -g = -2*r - 3*r - 17, 0 = 3*r - 4*g. What is the remainder when 33 is divided by k(r)?
9
Suppose 0 = -5*h + 2*u + 896, 30*h + 2*u = 27*h + 528. Calculate the remainder when h is divided by 26.
22
Suppose -18*g = -493 - 587. What is the remainder when g is divided by 18?
6
Suppose -f + 6*a - a = -69, -3*a = 0. What is the remainder when f is divided by 5?
4
Suppose 0 = -7*x - 62 + 629. Calculate the remainder when x is divided by 28.
25
Let q(c) be the third derivative of -2/3*c**3 + 0 - 7/60*c**5 + 1/6*c**4 - 1/120*c**6 + 2*c**2 + 0*c. Calculate the remainder when 111 is divided by q(-8).
27
Let k = 2 + 0. Suppose -232 = -5*a + 4*h, k*h - 21 - 17 = -a. Calculate the remainder when a is divided by (10/((-20)/(-46)))/(1/1).
21
Let f(u) = u + 53. Calculate the remainder when 123 is divided by f(-37).
11
Suppose -o = -15*o + 84. What is the remainder when 137 is divided by o?
5
Suppose 2*f = -2*f + 20. Suppose f*h - 29 - 76 = 0. Suppose -5*b + h = -2*b. What is the remainder when 20 is divided by b?
6
Suppose 11 = 3*l + 5*r, 4*r + 0 = -4*l + 12. Let p(a) = 5*a**2 - a + 2. What is the remainder when (19/2)/((-4)/(-24)) is divided by p(l)?
17
Let y(p) = p**2 - 25*p + 153. Let j = -1 - -4. Suppose -25 = -j*m - 7. What is the remainder when y(17) is divided by m?
5
Let a = 1027 - 943. Calculate the remainder when a is divided by 17.
16
Let k(h) = -3*h - 6. Suppose -5*s - 4*p = -516, -s = -5*s - 4*p + 412. What is the remainder when k(-5) is divided by s/28 - (-8)/28?
1
Suppose -x = 3*o - 6*x - 46, -3*x = 3*o - 6. Calculate the remainder when 16 is divided by o.
2
Let l(t) = t**3 - 10*t**2 + 29*t - 9. Calculate the remainder when 33 is divided by l(4).
0
Suppose 57*r + 4*m + 57 = 60*r, 0 = 3*r + 4*m - 33. Calculate the remainder when 84 is divided by r.
9
Let b(n) = n**2 + n. Let j(v) = v**2 - 3*v - 3. Let d(a) = b(a) + j(a). What is the remainder when d(4) is divided by 189/9 + (-13 - 0)?
5
Suppose f - 2*f + 2*u = -6, 24 = 5*f - 4*u. Suppose -i = 2*m - 53, -2*i - 49 = -f*m + 53. Calculate the remainder when -6 + 3 - -79 - (-4 - -3) is divided by m.
25
Let u = -6 - -5. Let f(p) = -p**2 + 9*p + 107. Calculate the remainder when f(10) is divided by 20*u/((-4)/5).
22
Let v be 38 - -1*(6 + -2). Let t = v + -34. What is the remainder when t is divided by 3?
2
Let q(k) = -6*k + 54. What is the remainder when q(6) is divided by 17?
1
What is the remainder when 24 is divided by (0 - 4)*(-11)/(88/48)?
0
Let c(m) = -m**3 + 7*m**2 - 5*m + 2. Let v be c(6). Let r = 4 + v. Calculate the remainder when 23 is divided by r.
11
Suppose 4*y - 2*b - 20 = 188, -3*y = 3*b - 165. Suppose j = 2*w + 2*j - 29, -5*w + y = -4*j. Calculate the remainder when 25 is divided by w.
12
Suppose 23*c + 5*p = 26*c - 2989, 2*c + 2*p - 1966 = 0. Calculate the remainder when c is divided by 9.
7
Suppose 56 = 4*q + 3*j, -6 - 50 = -4*q - 5*j. Suppose 0 = -4*d + 312 - 12. Suppose -d = -2*n - n. What is the remainder when n is divided by q?
11
Suppose 0 = 20*c - 19*c - 58. Calculate the remainder when c is divided by 35.
23
Suppose 0 = 2*t - p - 90, 6*t = 3*t + p + 137. Calculate the remainder when t is divided by 6*((-2)/(-3) - -2).
15
Let u(y) = 5*y - 45. What is the remainder when u(13) is divided by 4?
0
Let j = 508 + -384. What is the remainder when 1114 is divided by j?
122
Let r = -107 - -338. What is the remainder when r is divided by 47?
43
Let w = 14 - -6. Suppose 48*u - 44*u = w. What is the remainder when 32 is divided by u?
2
Let z(c) = c**2 - 2. Let o be z(3). Calculate the remainder when 2/o - (-832)/28 is divided by 16.
14
Suppose 51*a = 52*a - 123. What is the remainder when a is divided by 21?
18
Suppose -n + 10 = n. Let h(f) = -4*f - 3. What is the remainder when ((-8)/10)/((n + -1)/(-200)) is divided by